5
Suppose 0*z = 5*y - z - 49, -4*y = -4*z - 36. What is the remainder when 17 is divided by (-3)/(-5) - (-34)/y*1?
1
Let j = -29 + 59. Let u = -4240 + 4248. Calculate the remainder when j is divided by u.
6
Suppose 68 = 4*y - 0*y. Let z = 242 + -122. Suppose -h + 2*h = k + 32, -4*k + z = 4*h. Calculate the remainder when h is divided by y.
14
Suppose -d = -u + 1, 4*u - 3*d - 3 = 2*d. Suppose 0*i + 46 = u*i. Calculate the remainder when i is divided by (-2)/(-11) + 130/11.
11
Let w be -6 - -10 - 12/2. What is the remainder when w/(-36)*4 + (-100)/(-36) is divided by 2?
1
Let x = 58 + -10. What is the remainder when x is divided by 37?
11
Suppose 3*d = -146 + 1118. Let v be ((-12)/28)/((-82)/(-42) + -2). Suppose v*s - d = 3*s. Calculate the remainder when s is divided by 19.
16
Let s be 1992/(-8)*(-2)/6. Suppose -5*l - 23 = -s. Suppose 4*f = l + 72. Calculate the remainder when f is divided by 12.
9
Let c(t) = -t**2 - 13*t - 23. Let n be c(-7). Suppose -45 - n = -2*z. Calculate the remainder when 125 is divided by z.
29
Let w be (-8 - 11)*(-1 + 0). Suppose -w - 1 = -2*s. Let p(b) = 20*b - 1. What is the remainder when p(2) is divided by s?
9
Let w(u) = -23 + 2 + 2*u + 10 + 6. Suppose -v - 2*a + 15 = -6*a, -v + 14 = -5*a. What is the remainder when v is divided by w(8)?
8
Let n be (2/7)/((-6)/(-42)). Suppose 0 = n*w + 3*r - 36, -r = -2*w + 4*w - 40. Suppose -5*j + 4*j = -w. Calculate the remainder when 60 is divided by j.
18
Suppose a = -3*b + 167 - 137, -4*a - 5*b = -134. Suppose 4*o - 110 = -5*h + 400, -4*o - 338 = -3*h. What is the remainder when h is divided by a?
34
Suppose -4*k = 2*q - 200, k = -2*q + 33 + 14. Suppose k*j + 54 = 53*j. Calculate the remainder when j is divided by 6.
3
Let y = -3 - 5. Let p(z) = -z + 5. Suppose 2*a = -0*a + 48. Calculate the remainder when a is divided by p(y).
11
Let c(k) = k + 18. Let t be c(-6). Suppose -s + t = -5*s. Let b(r) = r**3 + 4*r**2 - 2*r + 1. Calculate the remainder when 27 is divided by b(s).
11
Suppose 5*t = 3*t - 14. Let x(h) = -h - 6. Let m be x(t). What is the remainder when m + 0 + 14 + 1 is divided by 9?
7
Let o = -241 + 244. Suppose 5*w = 86 - 16. Calculate the remainder when w is divided by o.
2
Let a = 2 + 2. Let o = 2 + -4. What is the remainder when (a - o)*(-45)/(-6) is divided by 12?
9
Suppose -4*y + 2*o = -164, 3*y - 2*o - 34 = 88. Suppose z = 0, -z - 379 = 5*t - 1424. Calculate the remainder when t is divided by y.
41
Let d = -52 - -25. Let u = 40 + d. Suppose -2*k + 30 + 16 = 0. What is the remainder when k is divided by u?
10
Let j(z) = z**2 + 16*z + 100. What is the remainder when j(-12) is divided by 18?
16
Suppose r - 9 = -v, -51 = 11*v - 15*v - r. Calculate the remainder when v is divided by 5.
4
Let u(w) = 9*w**3 + 5*w**2 - 14*w + 11. What is the remainder when u(2) is divided by 26?
23
Let o be ((-6)/5)/((-6)/(-20)). Let g = 7 - o. Suppose -n + 3*n = 12. Calculate the remainder when g is divided by n.
5
Calculate the remainder when 5*(-8)/60 + (-2576)/(-12) is divided by 76.
62
Let c(y) = -322*y + 38. Let i be c(-1). Let b = -38 + 110. Suppose 5*l - 3*a = i, -l + b = a - 5*a. Calculate the remainder when l is divided by 25.
22
Let i(r) = r**3 - 12*r**2 + 2*r + 6. Let s = -30 + 42. What is the remainder when 117 is divided by i(s)?
27
What is the remainder when 22 is divided by (3/(36/15))/((-4)/(-64))?
2
Let z be (20/15)/((-2)/(-6)). Suppose z = -r + 8. Let j = 21 + -19. Calculate the remainder when r is divided by j.
0
Let a(g) = 7*g + 2. Calculate the remainder when 110/8*(21 - (16 + 1)) is divided by a(4).
25
Let k = 65 + -77. Let i = k + 20. Calculate the remainder when 15 is divided by i.
7
Suppose -42*t - 3317 = -8231. What is the remainder when t is divided by 5?
2
What is the remainder when 1*6/48*-4*-1646 is divided by 33?
31
Let k = 12 - 7. Suppose -14 = -k*u + 11. Let w = -42 - -61. Calculate the remainder when w is divided by u.
4
Let n = -445 - -533. Suppose 3*s + 15 = q, 3*s = 2*q + q - 75. Calculate the remainder when n is divided by q.
28
Suppose 0*q + 6 = q. Let v(r) = 3*r**2 + 37*r + 104. What is the remainder when v(-9) is divided by q?
2
Let y(o) = o**2 + 28*o + 21. What is the remainder when 78 is divided by y(0)?
15
Let z(d) = d + 7. Let y = -25 + 29. Calculate the remainder when 13 is divided by z(y).
2
Let q be 836/143 - (-4)/26. Let c = q + -6. Suppose c = m + 2*m - b - 140, -2*m - 5*b + 65 = 0. Calculate the remainder when m is divided by 23.
22
Let d(s) be the second derivative of -s**3/6 + 5*s**2 + 3*s. Let t be d(-7). Suppose 11 = 4*m - t. What is the remainder when 12 is divided by m?
5
Let o be 213/21 - 1/7. Let v(r) = -15*r + 8*r + o*r + 10. Calculate the remainder when v(12) is divided by 12.
10
What is the remainder when (171/6)/(78/52) is divided by 9?
1
Suppose -4*w - 22 = -114. What is the remainder when 2/(-8) + (5 - 322/(-8)) is divided by w?
22
Suppose 67 = -5*b + 252. What is the remainder when 63 is divided by b?
26
Let c = -933 + 1232. Calculate the remainder when c is divided by 75.
74
Let g = 132 + -73. Suppose -11 = 3*m - g. What is the remainder when 79 is divided by m?
15
Suppose 0*w + 3 = 3*l - 2*w, 5*l = -w + 18. Let i = 65 + -68. Calculate the remainder when -1 + -3*(i + 1) is divided by l.
2
Suppose 19 = -v + 2*v. Suppose -3*k - 4 = -v. Let j = 9 - k. Calculate the remainder when 15 is divided by j.
3
Let f be ((-9)/18)/((-1)/2). Let v = -11 + -5. Let q = f - v. Calculate the remainder when 50 is divided by q.
16
Suppose -3*x + 3*g + 207 = 0, 0 = -4*x - x - g + 363. Let b = 85 - x. Calculate the remainder when 61 is divided by b.
9
Let n(g) = 6*g**2 + 3*g - 2*g + 9 + g**3 - 7*g. Let m be n(-7). Suppose 5*c + 2*a = 25, c - 2*a + m = -a. What is the remainder when 5 is divided by c?
2
Calculate the remainder when (-3518)/(-18) - (-112)/(-252) is divided by 11.
8
Suppose 4*h + 3*d = 3*h, d = -3*h + 24. Suppose 139 = -4*k - h. Let f = -13 - k. What is the remainder when f is divided by 13?
11
Suppose 5*p + 2*c = 6*c, -2*p - 2*c = -18. Suppose -350 = -5*b + p*t + t, -5*t = 5*b - 330. What is the remainder when b is divided by 14?
12
Suppose 5 = n + 1, 4*n = 5*r - 154. What is the remainder when 127 is divided by r?
25
Suppose 3 = -2*j - 1, 4*z + 2*j = 60. Suppose -116 = 5*a - 4*a. Let o = 193 + a. Calculate the remainder when o is divided by z.
13
Suppose 0 = 3*z + 3*d - 129, 2*z - 5*z + 5*d + 161 = 0. Suppose -2*o = 2*o - 68. What is the remainder when z is divided by o?
13
Suppose m + 406 = 8*m. Suppose -33 = 55*y - m*y. Calculate the remainder when y is divided by 7.
4
Suppose -1326*n = -1327*n + 50. Calculate the remainder when n is divided by 14.
8
Let j = 8 + -1. Let x(v) = -v**2 - 6*v - 7. Let l be x(-5). Calculate the remainder when (-23 + l)/((4 + -1)/(-3)) is divided by j.
4
Let t = -2 + 20. What is the remainder when 125 is divided by 580/t + 12/(-54)?
29
Suppose 44 = -4*k + 252. Suppose -2*g - 40 = 3*g. What is the remainder when k is divided by g/(-10)*90/4?
16
Suppose 10*x = 7*x + 5*o + 209, -4*o + 336 = 5*x. What is the remainder when 131 is divided by x?
63
Let a = -27 + 40. Let v be ((-864)/(-56))/(3/(-21)). Calculate the remainder when v/(-3) + 10/5 is divided by a.
12
Let h be (-1)/(-5) + (-976)/(-20). Suppose -18*l + 368 = -64. Let z = h - l. What is the remainder when z is divided by 10?
5
Let q be 8/(-32) - (-51)/12. What is the remainder when 53 is divided by ((-14)/q)/((-12)/48)?
11
Let w(b) = -b**2 - 8*b + 4. Let r be w(-9). Let v = r - -8. Calculate the remainder when (46/v)/(4/6) is divided by 6.
5
Suppose 4*p - 3*p - 49 = 0. Suppose 17 = 2*v - 33. Suppose -1 = -2*i + v. What is the remainder when p is divided by i?
10
Let c = -46 - -65. What is the remainder when c is divided by 19?
0
Let f(v) = -1 + 26 + v**2 + v + 0*v. Let l be f(0). Suppose 3*w = -7 + l. What is the remainder when 17 is divided by w?
5
Let l(b) = -34*b**2 + b - 3. Let c be l(-3). What is the remainder when (-4)/3*c/8 is divided by 14?
10
Let k be 1 + 8/((-5)/(-5)). Suppose -3*v - 3*w + k = -0*w, 3*v + 1 = -5*w. Calculate the remainder when 102 is divided by v.
6
Let j(z) = z**3 + z**2 + z + 3. Let m be j(0). Suppose -62 = c - m*c. What is the remainder when 152 is divided by c?
28
Let h = -46 - -47. Calculate the remainder 